{"id":1968,"date":"2022-05-23T22:51:02","date_gmt":"2022-05-23T22:51:02","guid":{"rendered":"https:\/\/pruebaagenciamarketing.com\/demo7\/?page_id=1968"},"modified":"2023-04-18T16:25:32","modified_gmt":"2023-04-18T16:25:32","slug":"packers-para-inyeccion","status":"publish","type":"page","link":"https:\/\/packers.cl\/index.php\/packers-para-inyeccion\/","title":{"rendered":"packers-para-inyeccion"},"content":{"rendered":"\t\t<div data-elementor-type=\"wp-page\" data-elementor-id=\"1968\" class=\"elementor elementor-1968\" data-elementor-post-type=\"page\">\n\t\t\t\t\t\t<section class=\"elementor-section elementor-top-section elementor-element elementor-element-00a7340 elementor-section-boxed elementor-section-height-default elementor-section-height-default\" data-id=\"00a7340\" data-element_type=\"section\" data-e-type=\"section\">\n\t\t\t\t\t\t<div class=\"elementor-container elementor-column-gap-default\">\n\t\t\t\t\t<div class=\"elementor-column elementor-col-66 elementor-top-column elementor-element elementor-element-98baa40 elementor-invisible\" data-id=\"98baa40\" data-element_type=\"column\" data-e-type=\"column\" data-settings=\"{&quot;animation&quot;:&quot;bounceIn&quot;}\">\n\t\t\t<div class=\"elementor-widget-wrap elementor-element-populated\">\n\t\t\t\t\t\t<div class=\"elementor-element elementor-element-43fd1fb elementor-widget elementor-widget-heading\" data-id=\"43fd1fb\" data-element_type=\"widget\" data-e-type=\"widget\" data-widget_type=\"heading.default\">\n\t\t\t\t<div class=\"elementor-widget-container\">\n\t\t\t\t\t<h2 class=\"elementor-heading-title elementor-size-default\">Packers para Inyecci\u00f3n de Lechada de Cemento (o resinas)<\/h2>\t\t\t\t<\/div>\n\t\t\t\t<\/div>\n\t\t\t\t<div class=\"elementor-element elementor-element-23258df elementor-widget elementor-widget-text-editor\" data-id=\"23258df\" data-element_type=\"widget\" data-e-type=\"widget\" data-widget_type=\"text-editor.default\">\n\t\t\t\t<div class=\"elementor-widget-container\">\n\t\t\t\t\t\t\t\t\t<p>Se utilizan t\u00edpicamente para consolidaci\u00f3n de terrenos e impermeabilizaciones, ya sea en proyectos de presas, t\u00faneles o cimentaciones en la construcci\u00f3n.<\/p><p>Se disponen de sistemas de inyecci\u00f3n de lechada simples o dobles, en los 9 di\u00e1metros mencionados y con varias opciones de longitud de packer. Los sistemas simples inyectan por debajo de la herramienta y los dobles lo hacen en su zona intermedia entre los dos packers, en el interior de un tubo manguito.<\/p>\t\t\t\t\t\t\t\t<\/div>\n\t\t\t\t<\/div>\n\t\t\t\t\t<\/div>\n\t\t<\/div>\n\t\t\t\t<div class=\"elementor-column elementor-col-33 elementor-top-column elementor-element elementor-element-7c89987\" data-id=\"7c89987\" data-element_type=\"column\" data-e-type=\"column\">\n\t\t\t<div class=\"elementor-widget-wrap elementor-element-populated\">\n\t\t\t\t\t\t<div class=\"elementor-element elementor-element-0e6b75d elementor-arrows-position-inside elementor-pagination-position-outside elementor-widget elementor-widget-image-carousel\" data-id=\"0e6b75d\" data-element_type=\"widget\" data-e-type=\"widget\" data-settings=\"{&quot;slides_to_show&quot;:&quot;1&quot;,&quot;navigation&quot;:&quot;both&quot;,&quot;autoplay&quot;:&quot;yes&quot;,&quot;pause_on_hover&quot;:&quot;yes&quot;,&quot;pause_on_interaction&quot;:&quot;yes&quot;,&quot;autoplay_speed&quot;:5000,&quot;infinite&quot;:&quot;yes&quot;,&quot;effect&quot;:&quot;slide&quot;,&quot;speed&quot;:500}\" data-widget_type=\"image-carousel.default\">\n\t\t\t\t<div class=\"elementor-widget-container\">\n\t\t\t\t\t\t\t<div class=\"elementor-image-carousel-wrapper swiper\" role=\"region\" aria-roledescription=\"carousel\" aria-label=\"Carrusel de im\u00e1genes\" dir=\"ltr\">\n\t\t\t<div class=\"elementor-image-carousel swiper-wrapper\" aria-live=\"off\">\n\t\t\t\t\t\t\t\t<div class=\"swiper-slide\" role=\"group\" aria-roledescription=\"slide\" aria-label=\"1 de 1\"><figure class=\"swiper-slide-inner\"><img decoding=\"async\" class=\"swiper-slide-image\" src=\"https:\/\/packers.cl\/wp-content\/uploads\/2021\/02\/IPI-new-logo-no-text.png\" alt=\"IPI new logo - no text\" \/><\/figure><\/div>\t\t\t<\/div>\n\t\t\t\t\t<\/div>\n\t\t\t\t\t\t<\/div>\n\t\t\t\t<\/div>\n\t\t\t\t\t<\/div>\n\t\t<\/div>\n\t\t\t\t\t<\/div>\n\t\t<\/section>\n\t\t\t\t<\/div>\n\t\t","protected":false},"excerpt":{"rendered":"<p>Packers para Inyecci\u00f3n de Lechada de Cemento (o resinas) Se utilizan t\u00edpicamente para consolidaci\u00f3n de terrenos e impermeabilizaciones, ya sea en proyectos de presas, t\u00faneles o cimentaciones en la construcci\u00f3n. Se disponen de sistemas de inyecci\u00f3n de lechada simples o dobles, en los 9 di\u00e1metros mencionados y con varias opciones de longitud de packer. Los [&hellip;]<\/p>\n","protected":false},"author":1,"featured_media":0,"parent":0,"menu_order":0,"comment_status":"closed","ping_status":"closed","template":"","meta":{"footnotes":""},"class_list":["post-1968","page","type-page","status-publish","hentry"],"_links":{"self":[{"href":"https:\/\/packers.cl\/index.php\/wp-json\/wp\/v2\/pages\/1968","targetHints":{"allow":["GET"]}}],"collection":[{"href":"https:\/\/packers.cl\/index.php\/wp-json\/wp\/v2\/pages"}],"about":[{"href":"https:\/\/packers.cl\/index.php\/wp-json\/wp\/v2\/types\/page"}],"author":[{"embeddable":true,"href":"https:\/\/packers.cl\/index.php\/wp-json\/wp\/v2\/users\/1"}],"replies":[{"embeddable":true,"href":"https:\/\/packers.cl\/index.php\/wp-json\/wp\/v2\/comments?post=1968"}],"version-history":[{"count":18,"href":"https:\/\/packers.cl\/index.php\/wp-json\/wp\/v2\/pages\/1968\/revisions"}],"predecessor-version":[{"id":2293,"href":"https:\/\/packers.cl\/index.php\/wp-json\/wp\/v2\/pages\/1968\/revisions\/2293"}],"wp:attachment":[{"href":"https:\/\/packers.cl\/index.php\/wp-json\/wp\/v2\/media?parent=1968"}],"curies":[{"name":"wp","href":"https:\/\/api.w.org\/{rel}","templated":true}]}}